9
What are the prime factors of 457?
457
List the prime factors of 9108.
2, 3, 11, 23
What are the prime factors of 395?
5, 79
List the prime factors of 17755.
5, 53, 67
List the prime factors of 46366.
2, 97, 239
What are the prime factors of 4074?
2, 3, 7, 97
What are the prime factors of 7351?
7351
List the prime factors of 53363.
17, 43, 73
What are the prime factors of 750?
2, 3, 5
What are the prime factors of 8529?
3, 2843
List the prime factors of 10908.
2, 3, 101
List the prime factors of 521.
521
List the prime factors of 703.
19, 37
What are the prime factors of 2377?
2377
List the prime factors of 3906.
2, 3, 7, 31
What are the prime factors of 5268?
2, 3, 439
List the prime factors of 1218.
2, 3, 7, 29
List the prime factors of 2539.
2539
What are the prime factors of 65433?
3, 17, 1283
What are the prime factors of 441?
3, 7
What are the prime factors of 8704?
2, 17
List the prime factors of 175.
5, 7
What are the prime factors of 1444?
2, 19
List the prime factors of 43816.
2, 5477
List the prime factors of 27895.
5, 7, 797
List the prime factors of 13626.
2, 3, 757
List the prime factors of 11452.
2, 7, 409
List the prime factors of 1395.
3, 5, 31
What are the prime factors of 3962?
2, 7, 283
List the prime factors of 17354.
2, 8677
What are the prime factors of 12292?
2, 7, 439
List the prime factors of 60512.
2, 31, 61
List the prime factors of 165.
3, 5, 11
List the prime factors of 47805.
3, 5, 3187
List the prime factors of 421.
421
What are the prime factors of 17925?
3, 5, 239
List the prime factors of 19213.
19213
What are the prime factors of 442?
2, 13, 17
What are the prime factors of 1250?
2, 5
List the prime factors of 14529.
3, 29, 167
What are the prime factors of 32461?
11, 13, 227
What are the prime factors of 168826?
2, 7, 31, 389
List the prime factors of 36499.
17, 19, 113
List the prime factors of 9971.
13, 59
List the prime factors of 34580.
2, 5, 7, 13, 19
List the prime factors of 670.
2, 5, 67
List the prime factors of 2283.
3, 761
What are the prime factors of 7822?
2, 3911
What are the prime factors of 10162?
2, 5081
What are the prime factors of 1777?
1777
List the prime factors of 75253.
75253
List the prime factors of 110036.
2, 27509
List the prime factors of 24363.
3, 2707
What are the prime factors of 179555?
5, 35911
What are the prime factors of 786?
2, 3, 131
List the prime factors of 106956.
2, 3, 2971
List the prime factors of 4244.
2, 1061
What are the prime factors of 283?
283
What are the prime factors of 1033?
1033
What are the prime factors of 14743?
23, 641
List the prime factors of 3613.
3613
List the prime factors of 132265.
5, 7, 3779
What are the prime factors of 1308?
2, 3, 109
What are the prime factors of 5958?
2, 3, 331
List the prime factors of 479.
479
List the prime factors of 815.
5, 163
List the prime factors of 127.
127
What are the prime factors of 492?
2, 3, 41
List the prime factors of 2184.
2, 3, 7, 13
List the prime factors of 763.
7, 109
What are the prime factors of 6716?
2, 23, 73
List the prime factors of 495.
3, 5, 11
What are the prime factors of 5581?
5581
List the prime factors of 23277.
3, 7759
List the prime factors of 2064.
2, 3, 43
What are the prime factors of 13124?
2, 17, 193
What are the prime factors of 3987?
3, 443
What are the prime factors of 8788?
2, 13
What are the prime factors of 2048?
2
List the prime factors of 22276.
2, 5569
List the prime factors of 1259.
1259
What are the prime factors of 1438?
2, 719
List the prime factors of 501.
3, 167
What are the prime factors of 16248?
2, 3, 677
What are the prime factors of 1470?
2, 3, 5, 7
What are the prime factors of 6418?
2, 3209
What are the prime factors of 847?
7, 11
What are the prime factors of 22787?
22787
List the prime factors of 1935.
3, 5, 43
List the prime factors of 2017.
2017
List the prime factors of 5972.
2, 1493
List the prime factors of 10603.
23, 461
What are the prime factors of 1894?
2, 947
List the prime factors of 20845.
5, 11, 379
List the prime factors of 11411.
11411
What are the prime factors of 33756?
2, 3, 29, 97
List the prime factors of 19430.
2, 5, 29, 67
List the prime factors of 27.
3
What are the prime factors of 24159?
3, 8053
List the prime factors of 6339.
3, 2113
List the prime factors of 1212.
2, 3, 101
List the prime factors of 125903.
137, 919
List the prime factors of 87478.
2, 191, 229
What are the prime factors of 4509?
3, 167
List the prime factors of 2497.
11, 227
List the prime factors of 41022.
2, 3, 43, 53
List the prime factors of 13280.
2, 5, 83
What are the prime factors of 90366?
2, 3, 15061
List the prime factors of 35941.
127, 283
What are the prime factors of 1028?
2, 257
List the prime factors of 4175.
5, 167
What are the prime factors of 3396?
2, 3, 283
List the prime factors of 50200.
2, 5, 251
List the prime factors of 35755.
5, 7151
List the prime factors of 21002.
2, 10501
List the prime factors of 54984.
2, 3, 29, 79
List the prime factors of 2378.
2, 29, 41
What are the prime factors of 44930?
2, 5, 4493
List the prime factors of 1454.
2, 727
List the prime factors of 3591.
3, 7, 19
What are the prime factors of 5371?
41, 131
List the prime factors of 6098.
2, 3049
What are the prime factors of 19096?
2, 7, 11, 31
What are the prime factors of 6312?
2, 3, 263
What are the prime factors of 1901?
1901
List the prime factors of 983.
983
List the prime factors of 18669.
3, 7, 127
List the prime factors of 4426.
2, 2213
List the prime factors of 28640.
2, 5, 179
What are the prime factors of 40140?
2, 3, 5, 223
List the prime factors of 107306.
2, 53653
List the prime factors of 29611.
29611
What are the prime factors of 690?
2, 3, 5, 23
What are the prime factors of 3835?
5, 13, 59
What are the prime factors of 15381?
3, 1709
List the prime factors of 25769.
73, 353
What are the prime factors of 911?
911
What are the prime factors of 31604?
2, 7901
List the prime factors of 3169.
3169
List the prime factors of 3969.
3, 7
What are the prime factors of 1311?
3, 19, 23
What are the prime factors of 14850?
2, 3, 5, 11
List the prime factors of 337.
337
What are the prime factors of 5454?
2, 3, 101
What are the prime factors of 9411?
3, 3137
What are the prime factors of 3853?
3853
List the prime factors of 96804.
2, 3, 2689
List the prime factors of 5684.
2, 7, 29
What are the prime factors of 7358?
2, 13, 283
List the prime factors of 59581.
59581
What are the prime factors of 90339?
3, 30113
What are the prime factors of 8042?
2, 4021
What are the prime factors of 30618?
2, 3, 7
List the prime factors of 835.
5, 167
What are the prime factors of 3588?
2, 3, 13, 23
What are the prime factors of 2290?
2, 5, 229
What are the prime factors of 913?
11, 83
What are the prime factors of 3481?
59
List the prime factors of 920.
2, 5, 23
List the prime factors of 7091.
7, 1013
What are the prime factors of 3590?
2, 5, 359
What are the prime factors of 6834?
2, 3, 17, 67
List the prime factors of 668.
2, 167
List the prime factors of 141498.
2, 3, 7, 1123
List the prime factors of 1282.
2, 641
List the prime factors of 760.
2, 5, 19
List the prime factors of 798.
2, 3, 7, 19
What are the prime factors of 3020?
2, 5, 151
What are the prime factors of 52519?
29, 1811
What are the prime factors of 5953?
5953
What are the prime factors of 76861?
101, 761
List the prime factors of 4724.
2, 1181
List the prime factors of 18751.
17, 1103
List the prime factors of 677.
677
What are the prime factors of 493?
17, 29
List the prime factors of 416.
2, 13
List the prime factors of 1580.
2, 5, 79
List the prime factors of 70363.
17, 4139
List the prime factors of 19235.
5, 3847
List the prime factors of 1377.
3, 17
List the prime factors of 4886.
2, 7, 349
List the prime factors of 142124.
2, 35531
List the prime factors of 1029.
3, 7
List the prime factors of 6881.
7, 983
List the prime factors of 1815.
3, 5, 11
List the prime factors of 1786.
2, 19, 47
List the prime factors of 132571.
37, 3583
List the prime factors of 8393.
7, 11, 109
What are the prime factors of 1340?
2, 5, 67
List the prime factors of 6706.
2, 7, 479
What are the prime factors of 131841?
3, 19, 257
What are the prime factors of 1365?
3, 5, 7, 13
List the prime factors of 1011.
3, 33